). Calculate the highest common divisor of n and a.
6
Let a be 8*(-3)/6 - -171 - 2. Calculate the greatest common divisor of 66 and a.
33
Let h be 2/(-9) + 632/9. Let d(o) be the first derivative of -o**4/4 + 5*o**2/2 + 2*o - 2. Let t be d(-3). What is the highest common divisor of h and t?
14
Let u(k) = k**2 - 12*k + 22. Let z be u(10). What is the highest common divisor of z and 22?
2
Suppose -4*u - 5*h = -61, 3*h + 20 + 47 = 5*u. Suppose 0*p + 4 = 4*p. Let k(d) = 3*d - 1. Let m be k(p). Calculate the greatest common factor of u and m.
2
Suppose 24 = l + i - 6, 0 = 2*l - 2*i - 60. Calculate the highest common divisor of 30 and l.
30
Suppose -3*v + 3*g = 2*v + 27, -3*g = 4*v + 27. Let t be (10/3)/((-2)/v). What is the greatest common factor of t and 40?
10
Let d(f) = -f**2 - 6*f - 4. Let h be d(-5). Let q be 58/(-7) + 4/14. Let x = q - -11. What is the greatest common divisor of x and h?
1
Let x be ((-2)/(-5))/((-2)/40). Let w = -2 - x. Calculate the greatest common divisor of w and 54.
6
Suppose 4*f + 5*l = 28, 35 = 4*f + f + 4*l. Suppose -f = -3*o - 1. Let j be o/4 + 39/2. What is the highest common divisor of 50 and j?
10
Suppose k + 2*r - 1 = 0, 2 = -k - 4*r + 1. Let z be 56/6 - 1/3. Calculate the greatest common divisor of z and k.
3
Let j(w) = -w - 3. Let u be j(-7). What is the greatest common divisor of u and 36?
4
Suppose 2*s + 90 = 5*s. Suppose 6 - 2 = q. Suppose -q*d = d - s. Calculate the greatest common divisor of d and 24.
6
Let j(y) = -2*y - 2. Let b be j(-3). Suppose b*c = -c + 60. Calculate the greatest common factor of 6 and c.
6
Let p(c) = -c**2 + 3*c + 168. Let h be p(0). Calculate the greatest common factor of h and 24.
24
Let i(b) = b**2 + 3*b - 4. Let v be i(-6). Suppose -4*j = -7*j + 42. Calculate the greatest common factor of v and j.
14
Suppose -2*s - r + 20 = 2*s, 2*s - r = 16. What is the highest common divisor of 9 and s?
3
Suppose 4*z - 224 - 88 = -2*j, -4*z - j + 310 = 0. What is the greatest common divisor of 11 and z?
11
Let q(z) = z**2 - 9*z + 5. Let i be q(10). What is the greatest common divisor of i and 165?
15
Let p(n) = -221*n**3 - 2*n + n - 1 - n - 2*n**2. Let d be p(-1). What is the highest common factor of d and 22?
22
Let u = -8 - -9. Suppose f = -p - 5 + 10, -3*p = -6. Suppose 5*w + 10 = 4*c, -f*w = 3*c + c - 26. What is the highest common factor of c and u?
1
Let x be -8*(-1)/(-2)*1. Suppose 0 = 5*a - 2*q + 48 + 68, 2*a = 4*q - 56. Let j = x - a. What is the greatest common divisor of 54 and j?
18
Let i = 5 + -3. Suppose 0 = 4*z - 8. Calculate the highest common factor of i and z.
2
Suppose 0 = -2*f - 2 - 4, -6 = -4*i - 2*f. Let g be (6/i)/(1 - 0). Suppose g*d - 6 = 82. What is the highest common factor of d and 4?
4
Let m(o) = -66*o - 2. Let j(t) = t + 1. Let s(b) = -4*j(b) - m(b). Let r be s(1). Calculate the greatest common factor of 150 and r.
30
Let t be (-15)/(((-108)/112)/9). What is the highest common divisor of t and 20?
20
Let t(g) = 5*g - 5. Let w be t(4). Let m be (3 + 1)*w/2. Suppose 3*r - m = -0*r. Calculate the greatest common factor of 10 and r.
10
Let v(m) = -m**3 - 7*m**2 - 8*m - 10. Let r be v(-7). Calculate the greatest common factor of 69 and r.
23
Let p = 16 - 28. Let d be p/8*(-14 - 0). Let t = 9 + -6. Calculate the highest common divisor of t and d.
3
Let u be -1*(-3 + 4) - -3. Suppose -4*o - 2*h = -h - 11, 0 = -o - 5*h + 17. Calculate the greatest common factor of u and o.
2
Let j = -35 - -190. Calculate the greatest common divisor of j and 62.
31
Suppose 3*d - 19 - 29 = 0. What is the highest common factor of d and 128?
16
Let x = -47 - -122. Calculate the greatest common divisor of x and 15.
15
Let f = -4 - -124. What is the greatest common factor of 15 and f?
15
Let b(n) = -6*n**3 + n**2 - 2*n - 1. Let g be b(-1). Suppose 4*a - 186 = 3*d - 14, -5*d = -2*a + 100. What is the highest common factor of g and a?
8
Suppose 11*k - 14*k - 12 = 0. Let i(h) = h**3 + 4*h**2 - 7*h - 9. Let x be i(k). Calculate the greatest common divisor of 95 and x.
19
Let v be (-1)/((-10)/(-6))*-10. What is the greatest common factor of 6 and v?
6
Let b be (3/(-4))/(6/(-72)). Calculate the greatest common factor of b and 81.
9
Let a(c) = -c**2 - 13*c - 15. Let w be a(-11). Let b = 12 - w. Suppose -b*h - 3*l = l - 117, -5*h = -l - 127. Calculate the highest common factor of 5 and h.
5
Let q(l) = -l**3 + 3*l + 2. Let c be q(-2). Suppose b - 100 = -c*b. What is the greatest common factor of 8 and b?
4
Let g be (-1)/(-1) + -3 + 145 + 0. What is the highest common factor of g and 13?
13
Suppose -l + 1425 = 4*l. Suppose v + 2*v - 3*z - l = 0, 0 = v + 4*z - 100. Let m be ((-18)/(-8))/(6/32). What is the greatest common factor of m and v?
12
Suppose 0 = -z - 5, -4*f = f - 4*z - 545. Suppose 2*j - 429 = -f. What is the highest common factor of 18 and j?
18
Let j(b) = -21*b + 4. Let z be j(-4). Suppose -5 - 27 = -4*a. Calculate the greatest common factor of a and z.
8
Let c be 575/6 + (-2)/(-12). Suppose 9*s - 70 - 38 = 0. What is the highest common factor of s and c?
12
Suppose -2*x - 8 = -3*x. Let d(j) = -j - 2. Let n be d(-3). Calculate the greatest common factor of x and n.
1
Let s = 51 + 74. Let u = s - 74. Let g = 0 + 17. What is the highest common factor of g and u?
17
Let l(x) be the first derivative of -x**2/2 - 3*x - 3. Let a be l(0). Let m be (18/(-8))/(a/144). What is the highest common factor of 12 and m?
12
Let c(t) = -t**3 - 7*t**2 - 6*t + 3. Let d be c(-6). Suppose 4*y = d*y + 12. Calculate the greatest common factor of 72 and y.
12
Let n be 36/16 + (-1)/4. Let y be 1*(1 - n) - -5. Suppose y*j + 4 - 12 = 0, 3*j = 4*c - 222. What is the highest common divisor of c and 38?
19
Let s(g) = 5*g - 4*g**3 - 3*g - 3 + 5*g**3 + 8*g**2. Suppose -11*n - 35 = -6*n. Let u be s(n). Calculate the greatest common factor of 8 and u.
8
Suppose -5*d + 234 = 2*o, 3*o + 2*d - 351 = -0*o. Calculate the greatest common divisor of 13 and o.
13
Suppose 0 = -0*q + 2*q - 6. Let h(m) = -3*m + m**2 + 8*m**2 - m**q + 0*m**3 - 4. Let f be h(8). Calculate the greatest common factor of f and 24.
12
Let n be -3*(16/6 + -4). Let x be (-24)/(-9)*18/n. Let i(a) = a**2 - a + 2. Let l be i(3). Calculate the highest common divisor of l and x.
4
Suppose 83 = -2*u + 4*u + f, -u - 4*f + 31 = 0. Calculate the greatest common factor of u and 86.
43
Let l = 17 - -10. Calculate the greatest common factor of 3 and l.
3
Let b(o) = -o - 8. Let l be b(-8). Suppose -2*n + 4 + l = 0. Suppose -r + 5*r - 8 = 0. What is the highest common divisor of n and r?
2
Let o be 0 - 3 - 4/(-2). Let l be 19 - o*(-2)/1. What is the greatest common divisor of 51 and l?
17
Let m be 2 + (4 + -5)*-42. What is the highest common factor of m and 132?
44
Let u(c) = 2*c - 9. Let w be 1/(1 + (-14)/16). Let g be u(w). Let r be g + (-2)/2*2. Calculate the greatest common divisor of r and 20.
5
Let d be ((-27)/4)/(6/(-32)). Calculate the greatest common divisor of d and 24.
12
Suppose -l - 5*r = -0*r - 27, 41 = 2*l - 3*r. Calculate the highest common divisor of 2 and l.
2
Suppose 3*h - 35 = -2*h. Calculate the highest common factor of h and 7.
7
Suppose 0 = -z + 1, -4*z = 4*b + b - 64. Calculate the highest common factor of 96 and b.
12
Let b be 148/6*(-27)/(-18). Let j = 59 - b. Calculate the highest common factor of 22 and j.
22
Let c(j) be the second derivative of -j**5/20 - 5*j**4/12 - j**3 - 5*j**2/2 + 3*j. Let x be c(-4). What is the greatest common divisor of x and 1?
1
Suppose -x - 8 = d - 4*d, -d + 3*x = 0. What is the greatest common factor of d and 3?
3
Let y = -44 + 98. Suppose 4*w - 3*d = y, -3*d + 2*d = 5*w - 58. Let u(a) = a**2 + 14*a + 36. Let q be u(-18). What is the greatest common factor of w and q?
12
Let l(d) = -d**3 + d**2 - 1. Let n be l(-1). Let t = n + 3. Suppose 0 = 4*a + 20, -3*p + 110 = -t*a. Calculate the greatest common divisor of p and 6.
6
Suppose -15 = -11*p + 6*p, -83 = -4*k - p. Suppose -2*b - 5*r + r + 30 = 0, -15 = -3*r. What is the greatest common divisor of b and k?
5
Suppose 0 = -2*a - 10, -5*a - 155 = -5*r + 30. Suppose 0 = -f - 3*f + 16, 2*n + 4*f = r. Calculate the greatest common divisor of 8 and n.
8
Let b = 0 + 0. Let y = 2 - b. Suppose 0 = -y*w - 3*w + 140. Calculate the highest common factor of 7 and w.
7
Let a = 566 -